Is 386501431 composite?
True
Is 52294723667 a prime number?
False
Is 6672339929 a composite number?
False
Is 304007819 prime?
True
Is 238316849 a prime number?
False
Is 242962315 prime?
False
Is 54825028859 composite?
False
Is 10902863863 prime?
True
Is 140893022 a prime number?
False
Is 4239258911 composite?
False
Is 53105783561 a composite number?
False
Is 1851588857 a prime number?
True
Is 146425453 prime?
True
Is 343988152945 composite?
True
Is 1563487187 prime?
False
Is 10025066239 a prime number?
False
Is 1990765594 a composite number?
True
Is 4701582901 a composite number?
False
Is 33786790633 prime?
False
Is 1599547007 a prime number?
True
Is 51789981427 a composite number?
False
Is 3276158887 composite?
False
Is 8290007491 prime?
True
Is 3267768809 a composite number?
False
Is 16330334071 a composite number?
True
Is 2888670607 prime?
False
Is 326689690177 a prime number?
True
Is 7944076702 prime?
False
Is 2433578317 a prime number?
True
Is 11862971899 prime?
True
Is 3805461391 prime?
True
Is 25795663 composite?
True
Is 1182998139 composite?
True
Is 181950229 prime?
False
Is 130065591199 prime?
False
Is 12216709789 composite?
True
Is 10672280341 composite?
False
Is 66622145753 a prime number?
False
Is 1643102521 composite?
True
Is 50650703549 prime?
True
Is 457965658 composite?
True
Is 12271156111 a prime number?
True
Is 28472763919 prime?
True
Is 85231943243 a prime number?
True
Is 4257655313 composite?
True
Is 4076309299 composite?
False
Is 841517837 a prime number?
False
Is 256287839 a prime number?
True
Is 5997336613 prime?
True
Is 8879053289 a composite number?
False
Is 728809 composite?
False
Is 328444483 a composite number?
False
Is 2351214017 a prime number?
False
Is 1565671 a composite number?
False
Is 2573585701 prime?
False
Is 4592809639 a composite number?
True
Is 740044961 composite?
False
Is 193062533 prime?
True
Is 61395293 composite?
False
Is 9460002371 a prime number?
True
Is 919132523 a prime number?
False
Is 329523511 prime?
True
Is 27838468223 a prime number?
True
Is 39577115069 a prime number?
True
Is 212654543 a prime number?
False
Is 1761288397 composite?
True
Is 692841649 a prime number?
True
Is 36951513127 a prime number?
False
Is 4822719311 composite?
False
Is 32004531019 prime?
False
Is 30864476011 a prime number?
True
Is 9224692073 a composite number?
False
Is 95553567101 composite?
False
Is 73287584047 composite?
False
Is 194332027655 composite?
True
Is 428458601 composite?
False
Is 786477541 composite?
True
Is 279813566977 prime?
False
Is 6624311063 a composite number?
True
Is 1646827499 a prime number?
True
Is 114800747 a composite number?
False
Is 3106246291 prime?
False
Is 25022969309 a composite number?
True
Is 1340630827 a prime number?
False
Is 838523069 a prime number?
True
Is 168289609 a composite number?
True
Is 112769734523 a prime number?
True
Is 10206911699 a prime number?
True
Is 952741604567 composite?
False
Is 19976641753 a prime number?
True
Is 3119510211 prime?
False
Is 2292429047 a prime number?
True
Is 2908253459 a prime number?
True
Is 383320309 a prime number?
True
Is 38358431 a composite number?
False
Is 943906807 prime?
True
Is 1544115323 a prime number?
False
Is 17406713 prime?
True
Is 1499473177 a prime number?
True
Is 19699645937 a prime number?
True
Is 27254801173 a composite number?
True
Is 87794438609 prime?
True
Is 10968940085 a prime number?
False
Is 67427469341 a prime number?
True
Is 2362231549 a prime number?
False
Is 125839235351 a composite number?
False
Is 2196727391 composite?
False
Is 16513072441 a prime number?
False
Is 44437761343 a prime number?
True
Is 17973911139 composite?
True
Is 227768209 prime?
False
Is 2045132081 a composite number?
False
Is 519461447 a prime number?
True
Is 659720197 composite?
False
Is 413002393 a prime number?
True
Is 2087661529 prime?
True
Is 941439181 a prime number?
True
Is 13971912907 composite?
True
Is 3462968207 composite?
False
Is 9589153303 composite?
False
Is 59623680817 prime?
False
Is 3375573199 prime?
True
Is 2921789947 a composite number?
False
Is 10852806917 prime?
False
Is 3243058869 prime?
False
Is 9230693291 a composite number?
True
Is 889591397 prime?
True
Is 855629759 prime?
True
Is 36274930189 prime?
False
Is 543892967 a composite number?
False
Is 15528830039 a composite number?
False
Is 397348687 composite?
False
Is 4135117561 composite?
True
Is 41464701851 composite?
True
Is 75012680741 prime?
True
Is 5908567837 composite?
False
Is 40388621017 composite?
False
Is 734450147 prime?
False
Is 1238025013 composite?
True
Is 45459252457 a prime number?
False
Is 8565065009 prime?
False
Is 1059309397 prime?
True
Is 1234216453 prime?
False
Is 32640522415 a composite number?
True
Is 9770744901 prime?
False
Is 939064762 a prime number?
False
Is 6795627361 prime?
True
Is 1364952751 a composite number?
False
Is 3558264527 a prime number?
True
Is 23167032467 composite?
False
Is 647735899 a composite number?
False
Is 2973195887 prime?
True
Is 2326260185 composite?
True
Is 12600980461 prime?
True
Is 39827804363 composite?
False
Is 9346802999 a prime number?
False
Is 903259345 composite?
True
Is 1253062493 a prime number?
False
Is 2767403923 prime?
False
Is 4171277293 composite?
False
Is 220264387 prime?
False
Is 1497435571 prime?
False
Is 5560609609 composite?
True
Is 241109131 a composite number?
True
Is 15023403043 prime?
False
Is 1650897883 prime?
True
Is 759847649 prime?
False
Is 517823447807 prime?
True
Is 11023708271 a composite number?
False
Is 1331228687 a prime number?
True
Is 28171440691 prime?
True
Is 227946847 composite?
True
Is 98844411197 a composite number?
True
Is 56413445123 a composite number?
True
Is 123695359 composite?
False
Is 400775659 composite?
False
Is 45781919 composite?
False
Is 20416007911 a prime number?
False
Is 1973720227 a composite number?
False
Is 5274549719 prime?
True
Is 26315898841 composite?
True
Is 69921473 prime?
True
Is 67826203 composite?
True
Is 2078330591 composite?
False
Is 3829411511 prime?
False
Is 2732118109 a composite number?
True
Is 5030547569 composite?
True
Is 3324358183 composite?
False
Is 8526144343 a prime number?
True
Is 124896001 composite?
False
Is 479349863 prime?
False
Is 8461444343 a composite number?
True
Is 53978917843 composite?
True
Is 64787709923 a composite number?
False
Is 5493043909 composite?
True
Is 1157098751 composite?
False
Is 28572990421 a composite number?
False
Is 7548007981 a composite number?
True
Is 485907743 a composite number?
False
Is 2032131661 composite?
True
Is 71876603663 composite?
False
Is 9342673993 a composite number?
False
Is 390267145 prime?
False
Is 1574524709 composite?
False
Is 616915829 a composite number?
True
Is 59042370157 prime?
True
Is 2546963599 composite?
True
Is 18539957981 prime?
True
Is 2147327233 prime?
False
Is 622287751 composite?
True
Is 1110170485 a prime number?
False
Is 15860624774 a prime number?
False
Is 1834372861 prime?
True
Is 3557538557 a composite number?
True
Is 5900235017 composite?
True
Is 33675110477 a prime number?
False
Is 3546056777 composite?
False
Is 865742285 a composite number?
True
Is 89857795 composite?
True
Is 17122823357 a composite number?
False
Is 4601376649 a prime number?
True
Is 89711789 a composite number?
True
Is 48052721 composite?
False
Is 11580471629 prime?
True
Is 76897317383 a composite number?
False
Is 10609915511 a prime number?
False
Is 34734451223 a composite number?
False
Is 2815676299 prime?
True
Is 10928314583 a composite number?
False
Is 1786194523 prime?
False
Is 804311467 a prime number?
False
Is 20580690983 composite?
True
Is 904282459 composite?
True
Is 3554525987 a composite number?
False
Is 2356147435 prime?
False
Is 25567002611 prime?
True
Is 5013445649 a prime number?
False
Is 616040351 prime?
False
Is 23222800843 a prime number?
False
Is 17514836441 composite?
True
Is 3245722003 a composite number?
False
Is 66807987089 a composite number?
True
Is 259841452771 a composite number?
False
Is 15738416117 prime?
True
Is 7417805179 a composite number?
False
Is 54877021351 a prime number?
False
Is 14011246861 a composite number?
False
Is 2582460077 a prime number?
False
Is 14781430903 composite?
False
Is 673848053 a composite number?
True
Is 4800549801 a composite number?
